

{"id":1212,"date":"2020-08-18T12:01:40","date_gmt":"2020-08-18T16:01:40","guid":{"rendered":"http:\/\/phpstack-509196-2419612.cloudwaysapps.com\/?page_id=1212"},"modified":"2022-04-11T08:52:49","modified_gmt":"2022-04-11T12:52:49","slug":"sabores-por-el-mundo","status":"publish","type":"page","link":"http:\/\/appsredon.cl\/apps\/ariztia-prd\/empresas\/sabores-por-el-mundo\/","title":{"rendered":"Sabores por el mundo"},"content":{"rendered":"<p>La empresa cuenta con tres plantas procesadoras aptas para exportaci\u00f3n: dos en la zona central de Chile y una en el extremo norte (frontera con Per\u00fa). Podemos ofrecer producto con la m\u00e1s alta tecnolog\u00eda IQF y certificaci\u00f3n BRC e ISO.<br \/>\nEstamos habilitados para exportar a la Uni\u00f3n Europea, USA, China, Jap\u00f3n, M\u00e9xico y muchos otros destinos.<\/p>\n","protected":false},"excerpt":{"rendered":"<p>La empresa cuenta con tres plantas procesadoras aptas para exportaci\u00f3n: dos en la zona central de Chile y una en el extremo norte (frontera con Per\u00fa). Podemos ofrecer producto con la m\u00e1s alta tecnolog\u00eda IQF y certificaci\u00f3n BRC e ISO. Estamos habilitados para exportar a la Uni\u00f3n Europea, USA, China, Jap\u00f3n, M\u00e9xico y muchos otros [&hellip;]<\/p>\n","protected":false},"author":1,"featured_media":1450,"parent":2,"menu_order":0,"comment_status":"closed","ping_status":"closed","template":"","meta":[],"acf":[],"_links":{"self":[{"href":"http:\/\/appsredon.cl\/apps\/ariztia-prd\/wp-json\/wp\/v2\/pages\/1212"}],"collection":[{"href":"http:\/\/appsredon.cl\/apps\/ariztia-prd\/wp-json\/wp\/v2\/pages"}],"about":[{"href":"http:\/\/appsredon.cl\/apps\/ariztia-prd\/wp-json\/wp\/v2\/types\/page"}],"author":[{"embeddable":true,"href":"http:\/\/appsredon.cl\/apps\/ariztia-prd\/wp-json\/wp\/v2\/users\/1"}],"replies":[{"embeddable":true,"href":"http:\/\/appsredon.cl\/apps\/ariztia-prd\/wp-json\/wp\/v2\/comments?post=1212"}],"version-history":[{"count":6,"href":"http:\/\/appsredon.cl\/apps\/ariztia-prd\/wp-json\/wp\/v2\/pages\/1212\/revisions"}],"predecessor-version":[{"id":1462,"href":"http:\/\/appsredon.cl\/apps\/ariztia-prd\/wp-json\/wp\/v2\/pages\/1212\/revisions\/1462"}],"up":[{"embeddable":true,"href":"http:\/\/appsredon.cl\/apps\/ariztia-prd\/wp-json\/wp\/v2\/pages\/2"}],"wp:featuredmedia":[{"embeddable":true,"href":"http:\/\/appsredon.cl\/apps\/ariztia-prd\/wp-json\/wp\/v2\/media\/1450"}],"wp:attachment":[{"href":"http:\/\/appsredon.cl\/apps\/ariztia-prd\/wp-json\/wp\/v2\/media?parent=1212"}],"curies":[{"name":"wp","href":"https:\/\/api.w.org\/{rel}","templated":true}]}}